 = -g**3 - 4*g**2 + 4*g - 3. Calculate r(m).
2
Let y(m) = m**3 + 4*m**2 - 4*m + 5. Let n(z) = -z**2 + 11*z + 7. Let d be n(12). Let c be y(d). Let v(x) = x**2 - x + 9. Give v(c).
9
Let u(t) = -3*t. Suppose -2*w - 3*d - 2 = -12, 5*w - 3*d - 4 = 0. What is u(w)?
-6
Let n be 0 + -3 - 6*15/(-10). Let s(j) = 4*j - 2 + 10 + 2*j**3 - j**3 - 7*j**2. Determine s(n).
-4
Suppose 0 = 3*o - 2*o - 10. Let j be (1 + -1)*o/(-20). Let l(n) be the third derivative of n**6/120 - n**5/60 - n**4/24 - 7*n**3/6 - n**2. Determine l(j).
-7
Suppose 0*w = w - 2. Let m(o) = 2*o + 3*o - 5*o - o**w + 4*o**3. Give m(-1).
-5
Let n(x) = x + 8. Suppose 4*j - 85 = k + 38, -2*k = -5*j + 156. Suppose j = -5*l - 0*l. Give n(l).
2
Let m(v) = 4 - 6 - v + 4 + 12*v**2 - 10*v**2. Give m(-2).
12
Let b(p) = p**3 - 2*p**2 + p. Let u(h) = -3*h**3 + 5*h**2 - 3*h. Let v(y) = 7*b(y) + 2*u(y). Let m(s) = 8 - 2 - s**3 + s**2 - 2. Let j be m(0). Determine v(j).
4
Let b(j) = 7*j + j**2 + 2*j**2 - 4*j**2 - 8 + 3. Determine b(5).
5
Let w be 11 - (-1 + 4) - 2. Let l = -8 + w. Let k(h) = 2*h**3 + 3*h**2 + h + 2. What is k(l)?
-4
Suppose -z + 4*z = 3. Let q(m) = 5*m**3 - 1. What is q(z)?
4
Let u(c) = c**2 + 4*c - 8. Let t be u(-6). Let l(q) = 2*q - 4. Determine l(t).
4
Let p(o) = 2*o - 1. Let c be (-1 + 29)*3/6. Suppose -x = 5*z - 2 - c, -5*z = -2*x - 28. Calculate p(x).
-9
Let x(d) = 2*d**2 + 2*d. Let c(m) = -m**3 - 5*m**2 + 7*m + 4. Let q be c(-6). Calculate x(q).
4
Let f(c) = 2*c**3 + 3*c**2 + 7*c + 3. Let z(y) = y**3 + y**2 + y. Let w(a) = -f(a) + 3*z(a). Determine w(-2).
-3
Let s(r) = r + 8. Let a(b) = b**2 + 11*b - 17. Let q be a(-12). Determine s(q).
3
Let h(f) be the second derivative of -2*f + 5/2*f**2 + 0 - 1/6*f**3. Let w(c) = -c**3 + 7*c**2 - 6*c + 3. Let l be w(6). Determine h(l).
2
Let w = 3 + -8. Let z(k) = -3*k + 2*k + 4 + 0 - 3. Calculate z(w).
6
Let q(t) be the second derivative of t**5/20 - 5*t**4/12 + t**3/2 + 10*t. Give q(4).
-4
Suppose 5*m + 2*n - 17 = 0, 2*n - 1 - 1 = 0. Suppose 6 = -2*c + o, 3*o + 9 = 3*c - 6*c. Let f be 5*m/(1*c). Let a(d) = -d**2 - 6*d - 2. What is a(f)?
3
Suppose -f - 20 = 4*f. Let x(i) = -9*i**2 + 16*i - 19. Let p(j) = -5*j**2 + 8*j - 10. Let t(u) = f*x(u) + 7*p(u). Calculate t(7).
-1
Let g = -3 - -2. Let s be (9/(-12))/(g/8). Suppose 5*u - 5 = 0, -5*t - s*u + 15 = -u. Let n(j) = -j - 1. Give n(t).
-3
Let d(f) be the third derivative of 0*f**3 + 0*f + 1/60*f**5 + f**2 + 1/120*f**6 - 1/24*f**4 + 0. Let g be 5/20 + 5/(-4). Calculate d(g).
1
Let k(c) = -12*c - 1. Suppose w + 11 = i + 5*w, -4*w = -8. Suppose -4*l = 1 + i. What is k(l)?
11
Suppose 4*n = 5*n + 3. Let j be 1/n + 2/6. Let w(p) = p**2 + p + 7. Calculate w(j).
7
Let p(s) = 1. Let k(v) = v + 17. Let w(i) = -k(i) + 3*p(i). Give w(-6).
-8
Let m(a) = 4*a**3 + a. Suppose 2*b = -2*b. Let t(j) = -j**3 - 1 - 8*j**2 + 0*j**3 + b*j**3. Let h be t(-8). What is m(h)?
-5
Let r be (-1)/(-2) - (-21)/2. Let i(y) = -y + 1 + 3 - r. What is i(-5)?
-2
Let d(r) be the third derivative of r**6/120 + r**5/12 + r**4/8 + r**3/2 - 11*r**2. Determine d(-4).
7
Suppose 0*w - 3*w - 2*l - 4 = 0, 0 = 5*l + 25. Let c(p) = -5*p + 3*p - w + 4 - 5. Determine c(4).
-11
Let l(o) = o**2 - 3*o + 2. Let d(i) = -2*i**2 + 2*i - 3. Let f(b) = -2*d(b) - 3*l(b). Suppose 0 = -7*r + 3*r - 20. What is f(r)?
0
Let s(u) = -2 - 4 - u**2 + 2 - 2*u + 2. What is s(-3)?
-5
Suppose -17 = 4*c + 3. Let r = 0 + c. Let p(x) = -3 + 2 + 1 - x - 5. Determine p(r).
0
Let u(b) = 5*b**3 - 10*b**2 + 5*b. Let s(r) = r**3 - r**2. Let y(g) = 6*s(g) - u(g). Let c be (-1)/((-12)/40)*6/(-4). Determine y(c).
0
Let o(q) = -q**2 + 24*q + 23. Let k be o(25). Let z(g) = -g**3 - g**2 - 2. Determine z(k).
2
Let m(r) be the second derivative of -r**3/6 + 3*r**2/2 - r. What is m(5)?
-2
Let w(c) = -c**2 + 6*c - 7. Let z(a) = 3*a**2 - 11*a + 15. Let v = -5 - -3. Let x(y) = v*z(y) - 5*w(y). Give x(-8).
5
Let t(n) = 6*n + 1. Let q be t(1). Let a(s) = -s**3 + 8*s**2 - 7*s + 5. Give a(q).
5
Let c(g) = -g + 7. Let d(i) = i**2 + 8*i + 6. Suppose -3*v + 23 = -z, -42 + 14 = z - 4*v. Let n be d(z). Calculate c(n).
1
Let a(m) = 3*m**2 + 10*m - 5. Let j(h) = h**2 + 5*h - 2. Let v(x) = -2*a(x) + 5*j(x). Calculate v(4).
4
Suppose -4*q + 3*q + 15 = 0. Suppose 6*g - g = -q. Let l be -2*(6/4 + g). Let j(u) = -u**2 + 2*u - 1. Give j(l).
-4
Let t(d) = -7*d - 1. Let n(y) = -y. Let g be (-2)/2*(1 + -4). Suppose -15 = 2*q + g*q. Let b(f) = q*n(f) + t(f). Determine b(-1).
3
Let f(j) be the second derivative of j**5/20 - 5*j**4/12 + j**3/6 - 7*j**2/2 - 8*j. Suppose k - 5 = -0*k. Give f(k).
-2
Let d = 7 - 6. Let l(q) = q**2 + q. Let x be l(d). Let f(g) = 0*g + g + 4 + x. Calculate f(-6).
0
Let q(i) be the second derivative of -i**4/12 - i**3/6 + 3*i**2/2 + 16*i. What is q(-4)?
-9
Let l(x) = -2*x + 2. Let p be 65/10 + 6/(-4). Give l(p).
-8
Let f(j) = -1 - 4*j + 1276*j**2 - 1275*j**2 + 0*j. What is f(4)?
-1
Let w(y) = y**2 + 2*y - 2. Let h be 86/7 + (-8)/28. Let d be 18/h*2/1. Suppose -s + d = 4*l - 5, 0 = 5*s - l + 23. What is w(s)?
6
Let g(n) = -7 + n + 18 - 7. Determine g(4).
8
Suppose k = 3, 5*p + 3*k + 34 = 163. Let m be 9/4 + (-6)/p. Let s(i) = 4*i**2 + 2 + 3*i - m*i + 0*i - i**3. Determine s(4).
6
Suppose 18*r - 12 = 14*r. Suppose 12 + r = -3*p. Let v(d) be the third derivative of d**4/12 + d**3/2 + d**2. Calculate v(p).
-7
Suppose -1 = 5*q - 2*p, 0*q - 2*q + 5 = p. Let u(t) be the third derivative of -t**5/60 + t**4/12 - t**3/6 - t**2. What is u(q)?
0
Let u(h) = -2*h**2 - 8*h - 3. Let r(k) = 3*k**2 + 12*k + 5. Let m(y) = -5*r(y) - 7*u(y). Let a be 0 - 1*-2*1. Let b be a/3 - (-11)/(-3). What is m(b)?
-1
Let r be (-1 - 1)*84/24. Let k be 3/((-24)/r - 3). Let u(n) = n**3 - 8*n**2 + 7*n + 6. Calculate u(k).
6
Let l = 10 + -10. Let u(b) = b - 8. Give u(l).
-8
Let m(f) = 3*f + f**2 + 2*f + f - 5 - 4*f. Determine m(-4).
3
Suppose -y + 3*q = -q + 21, 3*y - 5*q + 28 = 0. Let z(v) = -8*v**2 + 4*v + 1. Let h(m) = -31*m**2 + 17*m + 4. Let i(j) = -2*h(j) + 9*z(j). What is i(y)?
-11
Suppose 5*w = -25, 2*w + w = c - 17. Let g(b) = -b**3 + 4*b**2 - 2*b + 3 - 4 + 0. What is g(c)?
3
Let j(m) be the third derivative of -m**5/60 - m**4/8 - 3*m**2. Give j(-3).
0
Let k(g) be the second derivative of g**5/20 - 5*g**4/6 - g**3/6 + 13*g**2/2 - 41*g. What is k(10)?
3
Let k(p) = -3*p**2 - 4 + 3 + 2*p**2 + 4*p. Let q = 8 - 6. Suppose -q*n = 2*n + r - 15, -6 = -n + 2*r. Determine k(n).
-1
Let y(j) = -5*j - 1. Let x(v) = 4*v + 1. Let n(f) = 6*x(f) + 5*y(f). Suppose z + 2 = 2*z. Give n(z).
-1
Let x(h) = -h**3 - 4*h**2 + 4. Let v = -3 - -5. Suppose 3*t + 3*j + 4 = -5, -v*t + 3*j - 6 = 0. Let m = t + 0. Determine x(m).
-5
Let r(i) = -i**3 - i**2 + 9. Let g(c) = -2*c + 30. Let w be g(15). Determine r(w).
9
Let y(j) = j**3 + 3*j**2 - j + 4. Let s(p) = p**2 + 6*p + 8. Let a be s(-6). Let q = 11 - a. Suppose q*c - 1 + 10 = 0. Give y(c).
7
Let r(b) = b**3 - 4*b**2 - b + 4. Let d(a) = -1 + 2*a**2 - a**2 + 6*a - 2 + 0. Let x = 15 + -22. Let l be d(x). Give r(l).
0
Let t(m) = 16*m**3 + m**2 + 3*m + 4. Let z(b) = 17*b**3 + b**2 + 4*b + 5. Let v(p) = 5*t(p) - 4*z(p). Let r be (1/2)/((-3)/(-6)). What is v(r)?
12
Let c(b) = -b**3 + 4*b**2 - b - 2. Let n be c(2). Let g(x) = 2 + 2*x + 0 - n*x**2 - 1. Let p(l) = -l**3 + 2*l**2 + 4*l - 4. Let s be p(3). Calculate g(s).
-5
Let x be 0 + 4 - (-10)/(-5). Let p(k) = 4*k**2 - 2*k + 6 - x*k**2 + 3*k**2 - k**3. Let m be p(5). Let n(q) = -q - 2. What is n(m)?
2
Let h = 148 + -159. Let i(u) = u**3 + 10*u**2 - 10*u + 5. Determine i(h).
-6
Let p(q) = -q**2 + 1. Let h(w) = 11*w**2 + w - 4. Let z(d) = h(d) + 3*p(d). Let g = 2 - 2. Suppose 0*m - 4*m + 4 = g. Calculate z(m).
8
Let o(q) be the second derivative of q**3/6 + 127*q. Suppose 2*u + g - 9 = 0, 3*g - 1 - 2 = 0. Determine o(u).
4
Let a(s) = -s**3 - 6*s**2 - 4*s + 4. Let q be (33/(-12))/((-2)/(-8)). Suppose 2 + 4 = g. Let z = g + q. Give a(z).
-1
Let j(p) = p**2 + 2*p - 3. Let z(c) = c**2 - 9*c + 7. Let y be z(8). Let g be y*6/2*1. Give j(g).
0
Let k = -18 + 22. Let o(d) = d - 1. What is o(k)?
3
Let m(u) = -u**2 + 8*u + 1. Suppose 9*h - o + 38 = 13*h, 46 = 4*h + 5*o. Give m(h).
-8
Let z(v) = v + 5. Let b be 320/(-30)*3/2. Let j be 50/(-8) + 12/b. What is z(j)?
-2
Let a(l) = 3*l + 1. Let t = 27 + -28. Give a(t).
-2
Let x = -4 + 1. Let k be 4/x - (-2)/(-3